{"id":1785,"date":"2021-01-19T20:59:18","date_gmt":"2021-01-19T19:59:18","guid":{"rendered":"https:\/\/remorqueco.fr\/?post_type=product&#038;p=1785"},"modified":"2026-02-17T21:17:51","modified_gmt":"2026-02-17T20:17:51","slug":"cargo-1300-couleur-3m-x-150m-x-165m-ptac-750-a-1300-kg","status":"publish","type":"product","link":"https:\/\/remorqueco.fr\/index.php\/produit\/cargo-1300-couleur-3m-x-150m-x-165m-ptac-750-a-1300-kg\/","title":{"rendered":"CARGO 1300 blanc 3m + PORTE x 1,50m x 1,65m PTAC 750 \u00e0 1300 kg"},"content":{"rendered":"<p>[vc_row][vc_column width=\u00a0\u00bb2\/3&Prime;][vc_custom_heading text=\u00a0\u00bbTARIF public : 5 990 \u20ac TTC tarif personnalis\u00e9 sur demande\u00a0\u00bb font_container=\u00a0\u00bbtag:h1|font_size:46|text_align:left|color:%23ffffff|line_height:1&Prime; google_fonts=\u00a0\u00bbfont_family:Montserrat%3Aregular%2C700|font_style:400%20regular%3A400%3Anormal\u00a0\u00bb][vc_column_text css_animation=\u00a0\u00bbslideInLeft\u00a0\u00bb]Autres versions : sans porte et version couleur<\/p>\n<p>&nbsp;<\/p>\n<p>&nbsp;<\/p>\n<p>[\/vc_column_text][vc_btn title=\u00a0\u00bbJoindre votre conseill\u00e9\u00a0 au 06.64.78.89.91&Prime; style=\u00a0\u00bboutline\u00a0\u00bb shape=\u00a0\u00bbround\u00a0\u00bb color=\u00a0\u00bbjuicy-pink\u00a0\u00bb size=\u00a0\u00bblg\u00a0\u00bb i_icon_fontawesome=\u00a0\u00bbfas fa-phone-alt\u00a0\u00bb add_icon=\u00a0\u00bbtrue\u00a0\u00bb link=\u00a0\u00bb|||\u00a0\u00bb][\/vc_column][vc_column width=\u00a0\u00bb1\/3&Prime;][vc_column_text]<\/p>\n<p><strong>LIMOGES<\/strong> nous sommes ouverts du<\/p>\n<p>LUNDI au VENDREDI de 9h30 \u00e0 12h et de 14h \u00e0 18h30<\/p>\n<p>SAMEDI de 10h \u00e0 12h et de 14h \u00e0 18h<\/p>\n<p>&nbsp;<\/p>\n<p><b>ANGOULEME <\/b>nous sommes ouverts du<\/p>\n<p>MERCREDI au VENDREDI de 10h00 \u00e0 12h et de 14h \u00e0 18h<\/p>\n<p>SAMEDI de 10h \u00e0 12h et de 14h \u00e0 17h<\/p>\n<p>&nbsp;<\/p>\n<p><b>LA SOUTERRAINE <\/b>nous sommes ouverts du<\/p>\n<p>LUNDI au VENDREDI de 9h30 \u00e0 12h et de 14h \u00e0 18h<\/p>\n<p>SAMEDI de 10h \u00e0 12h et de 14h \u00e0 17h<\/p>\n<p>[\/vc_column_text][\/vc_column][\/vc_row]<\/p>\n","protected":false},"excerpt":{"rendered":"<p>Remorqu&amp;CO est distributeur des produits\u00a0 <strong>DEBON<\/strong><\/p>\n<p>Cette Gamme est tr\u00e8s connue du march\u00e9 des remorques FOURGON.<\/p>\n<p><strong>CARGO 1300\u00a0<\/strong><\/p>\n<p>1 essieu PTAC 1300 Kg<\/p>\n<p>Poids \u00e0 vide 445 kg<\/p>\n<p>Suspension PULLMAN II (pour un confort routier incomparable)<\/p>\n<p>Plusieurs couleurs possibles (Blanc, Noir, Rouge, Gris)<\/p>\n<p>Caisse Polyester<\/p>\n<p>Structure d&rsquo;encadrement du ch\u00e2ssis Aluminium<\/p>\n<p>Roue jockey automatique<\/p>\n<p>Acc\u00e8s arri\u00e8re PONT et PORTE en un seul (pont et porte lat\u00e9rale en Aluminium)<\/p>\n<p>B\u00e9quilles stabilisatrices<\/p>\n<p>Poign\u00e9e de man\u0153uvre<\/p>\n<p>Cales de parking<\/p>\n<p>Eclairage int\u00e9rieur<\/p>\n<p>4 Anneaux d&rsquo;arrimages int\u00e9rieurs<\/p>\n<p>Dimensions int\u00e9rieures : 3,0 m x 1,5 m x 1,65 m de hauteur<\/p>\n","protected":false},"featured_media":1765,"template":"","meta":[],"yoast_head":"<!-- This site is optimized with the Yoast SEO plugin v16.4 - https:\/\/yoast.com\/wordpress\/plugins\/seo\/ -->\n<title>CARGO 1300 blanc 3m + PORTE x 1,50m x 1,65m PTAC 750 \u00e0 1300 kg - REMORQU&amp;CO<\/title>\n<meta name=\"robots\" content=\"index, follow, max-snippet:-1, max-image-preview:large, max-video-preview:-1\" \/>\n<link rel=\"canonical\" href=\"https:\/\/remorqueco.fr\/index.php\/produit\/cargo-1300-couleur-3m-x-150m-x-165m-ptac-750-a-1300-kg\/\" \/>\n<meta property=\"og:locale\" content=\"fr_FR\" \/>\n<meta property=\"og:type\" content=\"article\" \/>\n<meta property=\"og:title\" content=\"CARGO 1300 blanc 3m + PORTE x 1,50m x 1,65m PTAC 750 \u00e0 1300 kg - REMORQU&amp;CO\" \/>\n<meta property=\"og:description\" content=\"Remorqu&amp;CO est distributeur des produits\u00a0 DEBON  Cette Gamme est tr\u00e8s connue du march\u00e9 des remorques FOURGON.  CARGO 1300\u00a0  1 essieu PTAC 1300 Kg  Poids \u00e0 vide 445 kg  Suspension PULLMAN II (pour un confort routier incomparable)  Plusieurs couleurs possibles (Blanc, Noir, Rouge, Gris)  Caisse Polyester  Structure d&#039;encadrement du ch\u00e2ssis Aluminium  Roue jockey automatique  Acc\u00e8s arri\u00e8re PONT et PORTE en un seul (pont et porte lat\u00e9rale en Aluminium)  B\u00e9quilles stabilisatrices  Poign\u00e9e de man\u0153uvre  Cales de parking  Eclairage int\u00e9rieur  4 Anneaux d&#039;arrimages int\u00e9rieurs  Dimensions int\u00e9rieures : 3,0 m x 1,5 m x 1,65 m de hauteur\" \/>\n<meta property=\"og:url\" content=\"https:\/\/remorqueco.fr\/index.php\/produit\/cargo-1300-couleur-3m-x-150m-x-165m-ptac-750-a-1300-kg\/\" \/>\n<meta property=\"og:site_name\" content=\"REMORQU&amp;CO\" \/>\n<meta property=\"article:modified_time\" content=\"2026-02-17T20:17:51+00:00\" \/>\n<meta property=\"og:image\" content=\"https:\/\/remorqueco.fr\/new\/wp-content\/uploads\/2021\/01\/20201202_151459.jpg\" \/>\n\t<meta property=\"og:image:width\" content=\"807\" \/>\n\t<meta property=\"og:image:height\" content=\"807\" \/>\n<meta name=\"twitter:card\" content=\"summary_large_image\" \/>\n<meta name=\"twitter:label1\" content=\"Dur\u00e9e de lecture est.\" \/>\n\t<meta name=\"twitter:data1\" content=\"1 minute\" \/>\n<script type=\"application\/ld+json\" class=\"yoast-schema-graph\">{\"@context\":\"https:\/\/schema.org\",\"@graph\":[{\"@type\":\"WebSite\",\"@id\":\"https:\/\/remorqueco.fr\/#website\",\"url\":\"https:\/\/remorqueco.fr\/\",\"name\":\"REMORQU&amp;CO\",\"description\":\"Vente de remorques \\u00e0 Limoges\",\"potentialAction\":[{\"@type\":\"SearchAction\",\"target\":\"https:\/\/remorqueco.fr\/?s={search_term_string}\",\"query-input\":\"required name=search_term_string\"}],\"inLanguage\":\"fr-FR\"},{\"@type\":\"ImageObject\",\"@id\":\"https:\/\/remorqueco.fr\/index.php\/produit\/cargo-1300-couleur-3m-x-150m-x-165m-ptac-750-a-1300-kg\/#primaryimage\",\"inLanguage\":\"fr-FR\",\"url\":\"https:\/\/remorqueco.fr\/new\/wp-content\/uploads\/2021\/01\/20201202_151459.jpg\",\"contentUrl\":\"https:\/\/remorqueco.fr\/new\/wp-content\/uploads\/2021\/01\/20201202_151459.jpg\",\"width\":807,\"height\":807},{\"@type\":\"WebPage\",\"@id\":\"https:\/\/remorqueco.fr\/index.php\/produit\/cargo-1300-couleur-3m-x-150m-x-165m-ptac-750-a-1300-kg\/#webpage\",\"url\":\"https:\/\/remorqueco.fr\/index.php\/produit\/cargo-1300-couleur-3m-x-150m-x-165m-ptac-750-a-1300-kg\/\",\"name\":\"CARGO 1300 blanc 3m + PORTE x 1,50m x 1,65m PTAC 750 \\u00e0 1300 kg - REMORQU&amp;CO\",\"isPartOf\":{\"@id\":\"https:\/\/remorqueco.fr\/#website\"},\"primaryImageOfPage\":{\"@id\":\"https:\/\/remorqueco.fr\/index.php\/produit\/cargo-1300-couleur-3m-x-150m-x-165m-ptac-750-a-1300-kg\/#primaryimage\"},\"datePublished\":\"2021-01-19T19:59:18+00:00\",\"dateModified\":\"2026-02-17T20:17:51+00:00\",\"breadcrumb\":{\"@id\":\"https:\/\/remorqueco.fr\/index.php\/produit\/cargo-1300-couleur-3m-x-150m-x-165m-ptac-750-a-1300-kg\/#breadcrumb\"},\"inLanguage\":\"fr-FR\",\"potentialAction\":[{\"@type\":\"ReadAction\",\"target\":[\"https:\/\/remorqueco.fr\/index.php\/produit\/cargo-1300-couleur-3m-x-150m-x-165m-ptac-750-a-1300-kg\/\"]}]},{\"@type\":\"BreadcrumbList\",\"@id\":\"https:\/\/remorqueco.fr\/index.php\/produit\/cargo-1300-couleur-3m-x-150m-x-165m-ptac-750-a-1300-kg\/#breadcrumb\",\"itemListElement\":[{\"@type\":\"ListItem\",\"position\":1,\"item\":{\"@type\":\"WebPage\",\"@id\":\"https:\/\/remorqueco.fr\/\",\"url\":\"https:\/\/remorqueco.fr\/\",\"name\":\"Accueil\"}},{\"@type\":\"ListItem\",\"position\":2,\"item\":{\"@type\":\"WebPage\",\"@id\":\"https:\/\/remorqueco.fr\/index.php\/shop\/\",\"url\":\"https:\/\/remorqueco.fr\/index.php\/shop\/\",\"name\":\"Produits\"}},{\"@type\":\"ListItem\",\"position\":3,\"item\":{\"@id\":\"https:\/\/remorqueco.fr\/index.php\/produit\/cargo-1300-couleur-3m-x-150m-x-165m-ptac-750-a-1300-kg\/#webpage\"}}]}]}<\/script>\n<!-- \/ Yoast SEO plugin. -->","_links":{"self":[{"href":"https:\/\/remorqueco.fr\/index.php\/wp-json\/wp\/v2\/product\/1785"}],"collection":[{"href":"https:\/\/remorqueco.fr\/index.php\/wp-json\/wp\/v2\/product"}],"about":[{"href":"https:\/\/remorqueco.fr\/index.php\/wp-json\/wp\/v2\/types\/product"}],"wp:featuredmedia":[{"embeddable":true,"href":"https:\/\/remorqueco.fr\/index.php\/wp-json\/wp\/v2\/media\/1765"}],"wp:attachment":[{"href":"https:\/\/remorqueco.fr\/index.php\/wp-json\/wp\/v2\/media?parent=1785"}],"curies":[{"name":"wp","href":"https:\/\/api.w.org\/{rel}","templated":true}]}}

CARGO 1300 blanc 3m + PORTE x 1,50m x 1,65m PTAC 750 à 1300 kg

<p>[vc_row][vc_column width= »2/3&Prime;][vc_custom_heading text= »TARIF public : 5 990 € TTC tarif personnalisé sur demande » font_container= »tag:h1|font_size:46|text_align:left|color:%23ffffff|line_height:1&Prime; google_fonts= »font_family:Montserrat%3Aregular%2C700|font_style:400%20regular%3A400%3Anormal »][vc_column_text css_animation= »slideInLeft »]Autres versions : sans porte et version couleur</p>
<p>&nbsp;</p>
<p>&nbsp;</p>
<p>[/vc_column_text][vc_btn title= »Joindre votre conseillé  au 06.64.78.89.91&Prime; style= »outline » shape= »round » color= »juicy-pink » size= »lg » i_icon_fontawesome= »fas fa-phone-alt » add_icon= »true » link= »||| »][/vc_column][vc_column width= »1/3&Prime;][vc_column_text]</p>
<p><strong>LIMOGES</strong> nous sommes ouverts du</p>
<p>LUNDI au VENDREDI de 9h30 à 12h et de 14h à 18h30</p>
<p>SAMEDI de 10h à 12h et de 14h à 18h</p>
<p>&nbsp;</p>
<p><b>ANGOULEME </b>nous sommes ouverts du</p>
<p>MERCREDI au VENDREDI de 10h00 à 12h et de 14h à 18h</p>
<p>SAMEDI de 10h à 12h et de 14h à 17h</p>
<p>&nbsp;</p>
<p><b>LA SOUTERRAINE </b>nous sommes ouverts du</p>
<p>LUNDI au VENDREDI de 9h30 à 12h et de 14h à 18h</p>
<p>SAMEDI de 10h à 12h et de 14h à 17h</p>
<p>[/vc_column_text][/vc_column][/vc_row]</p>

<p>Remorqu&amp;CO est distributeur des produits  <strong>DEBON</strong></p>
<p>Cette Gamme est très connue du marché des remorques FOURGON.</p>
<p><strong>CARGO 1300 </strong></p>
<p>1 essieu PTAC 1300 Kg</p>
<p>Poids à vide 445 kg</p>
<p>Suspension PULLMAN II (pour un confort routier incomparable)</p>
<p>Plusieurs couleurs possibles (Blanc, Noir, Rouge, Gris)</p>
<p>Caisse Polyester</p>
<p>Structure d&rsquo;encadrement du châssis Aluminium</p>
<p>Roue jockey automatique</p>
<p>Accès arrière PONT et PORTE en un seul (pont et porte latérale en Aluminium)</p>
<p>Béquilles stabilisatrices</p>
<p>Poignée de manœuvre</p>
<p>Cales de parking</p>
<p>Eclairage intérieur</p>
<p>4 Anneaux d&rsquo;arrimages intérieurs</p>
<p>Dimensions intérieures : 3,0 m x 1,5 m x 1,65 m de hauteur</p>

<!-- This site is optimized with the Yoast SEO plugin v16.4 - https://yoast.com/wordpress/plugins/seo/ -->
<title>CARGO 1300 blanc 3m + PORTE x 1,50m x 1,65m PTAC 750 à 1300 kg - REMORQU&amp;CO</title>
<meta name="robots" content="index, follow, max-snippet:-1, max-image-preview:large, max-video-preview:-1" />
<link rel="canonical" href="https://remorqueco.fr/index.php/produit/cargo-1300-couleur-3m-x-150m-x-165m-ptac-750-a-1300-kg/" />
<meta property="og:locale" content="fr_FR" />
<meta property="og:type" content="article" />
<meta property="og:title" content="CARGO 1300 blanc 3m + PORTE x 1,50m x 1,65m PTAC 750 à 1300 kg - REMORQU&amp;CO" />
<meta property="og:description" content="Remorqu&amp;CO est distributeur des produits  DEBON  Cette Gamme est très connue du marché des remorques FOURGON.  CARGO 1300   1 essieu PTAC 1300 Kg  Poids à vide 445 kg  Suspension PULLMAN II (pour un confort routier incomparable)  Plusieurs couleurs possibles (Blanc, Noir, Rouge, Gris)  Caisse Polyester  Structure d&#039;encadrement du châssis Aluminium  Roue jockey automatique  Accès arrière PONT et PORTE en un seul (pont et porte latérale en Aluminium)  Béquilles stabilisatrices  Poignée de manœuvre  Cales de parking  Eclairage intérieur  4 Anneaux d&#039;arrimages intérieurs  Dimensions intérieures : 3,0 m x 1,5 m x 1,65 m de hauteur" />
<meta property="og:url" content="https://remorqueco.fr/index.php/produit/cargo-1300-couleur-3m-x-150m-x-165m-ptac-750-a-1300-kg/" />
<meta property="og:site_name" content="REMORQU&amp;CO" />
<meta property="article:modified_time" content="2026-02-17T20:17:51+00:00" />
<meta property="og:image" content="https://remorqueco.fr/new/wp-content/uploads/2021/01/20201202_151459.jpg" />
	<meta property="og:image:width" content="807" />
	<meta property="og:image:height" content="807" />
<meta name="twitter:card" content="summary_large_image" />
<meta name="twitter:label1" content="Durée de lecture est." />
	<meta name="twitter:data1" content="1 minute" />
<script type="application/ld+json" class="yoast-schema-graph">{"@context":"https://schema.org","@graph":[{"@type":"WebSite","@id":"https://remorqueco.fr/#website","url":"https://remorqueco.fr/","name":"REMORQU&amp;CO","description":"Vente de remorques \u00e0 Limoges","potentialAction":[{"@type":"SearchAction","target":"https://remorqueco.fr/?s={search_term_string}","query-input":"required name=search_term_string"}],"inLanguage":"fr-FR"},{"@type":"ImageObject","@id":"https://remorqueco.fr/index.php/produit/cargo-1300-couleur-3m-x-150m-x-165m-ptac-750-a-1300-kg/#primaryimage","inLanguage":"fr-FR","url":"https://remorqueco.fr/new/wp-content/uploads/2021/01/20201202_151459.jpg","contentUrl":"https://remorqueco.fr/new/wp-content/uploads/2021/01/20201202_151459.jpg","width":807,"height":807},{"@type":"WebPage","@id":"https://remorqueco.fr/index.php/produit/cargo-1300-couleur-3m-x-150m-x-165m-ptac-750-a-1300-kg/#webpage","url":"https://remorqueco.fr/index.php/produit/cargo-1300-couleur-3m-x-150m-x-165m-ptac-750-a-1300-kg/","name":"CARGO 1300 blanc 3m + PORTE x 1,50m x 1,65m PTAC 750 \u00e0 1300 kg - REMORQU&amp;CO","isPartOf":{"@id":"https://remorqueco.fr/#website"},"primaryImageOfPage":{"@id":"https://remorqueco.fr/index.php/produit/cargo-1300-couleur-3m-x-150m-x-165m-ptac-750-a-1300-kg/#primaryimage"},"datePublished":"2021-01-19T19:59:18+00:00","dateModified":"2026-02-17T20:17:51+00:00","breadcrumb":{"@id":"https://remorqueco.fr/index.php/produit/cargo-1300-couleur-3m-x-150m-x-165m-ptac-750-a-1300-kg/#breadcrumb"},"inLanguage":"fr-FR","potentialAction":[{"@type":"ReadAction","target":["https://remorqueco.fr/index.php/produit/cargo-1300-couleur-3m-x-150m-x-165m-ptac-750-a-1300-kg/"]}]},{"@type":"BreadcrumbList","@id":"https://remorqueco.fr/index.php/produit/cargo-1300-couleur-3m-x-150m-x-165m-ptac-750-a-1300-kg/#breadcrumb","itemListElement":[{"@type":"ListItem","position":1,"item":{"@type":"WebPage","@id":"https://remorqueco.fr/","url":"https://remorqueco.fr/","name":"Accueil"}},{"@type":"ListItem","position":2,"item":{"@type":"WebPage","@id":"https://remorqueco.fr/index.php/shop/","url":"https://remorqueco.fr/index.php/shop/","name":"Produits"}},{"@type":"ListItem","position":3,"item":{"@id":"https://remorqueco.fr/index.php/produit/cargo-1300-couleur-3m-x-150m-x-165m-ptac-750-a-1300-kg/#webpage"}}]}]}</script>
<!-- / Yoast SEO plugin. -->
