{"id":1517,"date":"2020-12-14T18:15:11","date_gmt":"2020-12-14T17:15:11","guid":{"rendered":"https:\/\/remorqueco.fr\/?post_type=product&#038;p=1517"},"modified":"2026-04-14T09:30:32","modified_gmt":"2026-04-14T07:30:32","slug":"touring-country-2-places-tout-aluminium-ptac-1100-a-2000-kg","status":"publish","type":"product","link":"https:\/\/remorqueco.fr\/index.php\/produit\/touring-country-2-places-tout-aluminium-ptac-1100-a-2000-kg\/","title":{"rendered":"4.TOURING COUNTRY PULLMAN 2 places TOUT ALUMINIUM PTAC 1400 \u00e0 2600 kg"},"content":{"rendered":"<p>[vc_row full_width=\u00a0\u00bbstretch_row\u00a0\u00bb][vc_column width=\u00a0\u00bb2\/3&Prime;][vc_custom_heading text=\u00a0\u00bbTARIF promo : 10 880 \u20ac TTC SELLERIE INCLUS\u00a0\u00bb font_container=\u00a0\u00bbtag:h1|font_size:46|text_align:left|color:%23ffffff|line_height:1&Prime; google_fonts=\u00a0\u00bbfont_family:Montserrat%3Aregular%2C700|font_style:400%20regular%3A400%3Anormal\u00a0\u00bb][vc_column_text css_animation=\u00a0\u00bbslideInLeft\u00a0\u00bb]Ch\u00e2ssis renforc\u00e9<\/p>\n<p><strong>SUSPENSION PULLMAN II\u00a0 pour une tenue de route exceptionnelle<\/strong><\/p>\n<p>SANS SELLERIE\u00a0 9 990 \u20ac TTC<\/p>\n<p>Roue de secours + support 210 \u20ac TTC<\/p>\n<p>&nbsp;<\/p>\n<p>[\/vc_column_text][vc_btn title=\u00a0\u00bbJoindre votre conseill\u00e9 au 06.64.78.89.91&Prime; style=\u00a0\u00bboutline\u00a0\u00bb shape=\u00a0\u00bbround\u00a0\u00bb color=\u00a0\u00bbjuicy-pink\u00a0\u00bb size=\u00a0\u00bblg\u00a0\u00bb i_icon_fontawesome=\u00a0\u00bbfas fa-phone-alt\u00a0\u00bb add_icon=\u00a0\u00bbtrue\u00a0\u00bb link=\u00a0\u00bb|||\u00a0\u00bb][\/vc_column][vc_column width=\u00a0\u00bb1\/3&Prime;][vc_column_text]<strong>LIMOGES<\/strong> nous sommes ouverts du<\/p>\n<p>LUNDI au VENDREDI de 9h30 \u00e0 12h et de 14h \u00e0 18h30<\/p>\n<p>SAMEDI de 10h \u00e0 12h et de 14h \u00e0 18h<\/p>\n<p>&nbsp;<\/p>\n<p><b>LA SOUTERRAINE\u00a0<\/b>nous sommes ouverts du<\/p>\n<p>LUNDI au VENDREDI de 9h30 \u00e0 12h et de 14h \u00e0 18h<\/p>\n<p>SAMEDI de 10h \u00e0 12h et de 14h \u00e0 17h<\/p>\n<p>&nbsp;<\/p>\n<p><b>ANGOULEME <\/b>nous sommes ouverts du<\/p>\n<p>MERCREDI au VENDREDI de 10h00 \u00e0 12h et de 14h \u00e0 18h<\/p>\n<p>SAMEDI de 10h \u00e0 12h et de 14h \u00e0 17h<\/p>\n<p>[\/vc_column_text][\/vc_column][\/vc_row]<\/p>\n","protected":false},"excerpt":{"rendered":"<p>Nous sommes concessionnaire des VANS \u00e0 Chevaux CHEVAL LIBERTE \u00e0 Limoges.<\/p>\n<p>Type TOURING COUNTRY 2 Chevaux<\/p>\n<p>PTAC 1 400 \u00e0 2600 kg<\/p>\n<p>Pvide 850 kg<\/p>\n<p><strong>Suspension PULLMAN II <\/strong><\/p>\n<p>Plusieurs couleurs possibles (pour les coloris voir avec notre stock disponible en cours)<\/p>\n<p>Toit et partie avant monocoque polyester renforc\u00e9<\/p>\n<p><strong>Parois Aluminium <\/strong><\/p>\n<p>2 baies coulissantes<\/p>\n<p>2 baies lat\u00e9rales<\/p>\n<p>B\u00e2che Airtech<\/p>\n<p>Ch\u00e2ssis en m\u00e9tal galvanis\u00e9<\/p>\n<p><strong>PLANCHER ALUMINIUM <\/strong><\/p>\n<p>S\u00e9paration centrale<\/p>\n<p>Roue jockey automatique<\/p>\n<p>PONT PORTE Arri\u00e8re<\/p>\n<p>PORTE de visite Avant<\/p>\n<p>&nbsp;<\/p>\n<p><strong>Dimensions int\u00e9rieures :<\/strong> 3,15 m x 1,67 m x 2,3 de hauteur<\/p>\n<p>&nbsp;<\/p>\n","protected":false},"featured_media":1518,"template":"","meta":[],"yoast_head":"<!-- This site is optimized with the Yoast SEO plugin v16.4 - https:\/\/yoast.com\/wordpress\/plugins\/seo\/ -->\n<title>4.TOURING COUNTRY PULLMAN 2 places TOUT ALUMINIUM PTAC 1400 \u00e0 2600 kg - REMORQU&amp;CO<\/title>\n<meta name=\"robots\" content=\"index, follow, max-snippet:-1, max-image-preview:large, max-video-preview:-1\" \/>\n<link rel=\"canonical\" href=\"https:\/\/remorqueco.fr\/index.php\/produit\/touring-country-2-places-tout-aluminium-ptac-1100-a-2000-kg\/\" \/>\n<meta property=\"og:locale\" content=\"fr_FR\" \/>\n<meta property=\"og:type\" content=\"article\" \/>\n<meta property=\"og:title\" content=\"4.TOURING COUNTRY PULLMAN 2 places TOUT ALUMINIUM PTAC 1400 \u00e0 2600 kg - REMORQU&amp;CO\" \/>\n<meta property=\"og:description\" content=\"Nous sommes concessionnaire des VANS \u00e0 Chevaux CHEVAL LIBERTE \u00e0 Limoges.  Type TOURING COUNTRY 2 Chevaux  PTAC 1 400 \u00e0 2600 kg  Pvide 850 kg  Suspension PULLMAN II   Plusieurs couleurs possibles (pour les coloris voir avec notre stock disponible en cours)  Toit et partie avant monocoque polyester renforc\u00e9  Parois Aluminium   2 baies coulissantes  2 baies lat\u00e9rales  B\u00e2che Airtech  Ch\u00e2ssis en m\u00e9tal galvanis\u00e9  PLANCHER ALUMINIUM   S\u00e9paration centrale  Roue jockey automatique  PONT PORTE Arri\u00e8re  PORTE de visite Avant  &nbsp;  Dimensions int\u00e9rieures : 3,15 m x 1,67 m x 2,3 de hauteur  &nbsp;\" \/>\n<meta property=\"og:url\" content=\"https:\/\/remorqueco.fr\/index.php\/produit\/touring-country-2-places-tout-aluminium-ptac-1100-a-2000-kg\/\" \/>\n<meta property=\"og:site_name\" content=\"REMORQU&amp;CO\" \/>\n<meta property=\"article:modified_time\" content=\"2026-04-14T07:30:32+00:00\" \/>\n<meta property=\"og:image\" content=\"https:\/\/remorqueco.fr\/new\/wp-content\/uploads\/2020\/12\/20190207-01-Touring-Counrtry-Blanc-Lateral-Gauche-porte-ouverte-1.jpg\" \/>\n\t<meta property=\"og:image:width\" content=\"1710\" \/>\n\t<meta property=\"og:image:height\" content=\"1140\" \/>\n<meta name=\"twitter:card\" content=\"summary_large_image\" \/>\n<meta name=\"twitter:label1\" content=\"Dur\u00e9e de lecture est.\" \/>\n\t<meta name=\"twitter:data1\" content=\"1 minute\" \/>\n<script type=\"application\/ld+json\" class=\"yoast-schema-graph\">{\"@context\":\"https:\/\/schema.org\",\"@graph\":[{\"@type\":\"WebSite\",\"@id\":\"https:\/\/remorqueco.fr\/#website\",\"url\":\"https:\/\/remorqueco.fr\/\",\"name\":\"REMORQU&amp;CO\",\"description\":\"Vente de remorques \\u00e0 Limoges\",\"potentialAction\":[{\"@type\":\"SearchAction\",\"target\":\"https:\/\/remorqueco.fr\/?s={search_term_string}\",\"query-input\":\"required name=search_term_string\"}],\"inLanguage\":\"fr-FR\"},{\"@type\":\"ImageObject\",\"@id\":\"https:\/\/remorqueco.fr\/index.php\/produit\/touring-country-2-places-tout-aluminium-ptac-1100-a-2000-kg\/#primaryimage\",\"inLanguage\":\"fr-FR\",\"url\":\"https:\/\/remorqueco.fr\/new\/wp-content\/uploads\/2020\/12\/20190207-01-Touring-Counrtry-Blanc-Lateral-Gauche-porte-ouverte-1.jpg\",\"contentUrl\":\"https:\/\/remorqueco.fr\/new\/wp-content\/uploads\/2020\/12\/20190207-01-Touring-Counrtry-Blanc-Lateral-Gauche-porte-ouverte-1.jpg\",\"width\":1710,\"height\":1140},{\"@type\":\"WebPage\",\"@id\":\"https:\/\/remorqueco.fr\/index.php\/produit\/touring-country-2-places-tout-aluminium-ptac-1100-a-2000-kg\/#webpage\",\"url\":\"https:\/\/remorqueco.fr\/index.php\/produit\/touring-country-2-places-tout-aluminium-ptac-1100-a-2000-kg\/\",\"name\":\"4.TOURING COUNTRY PULLMAN 2 places TOUT ALUMINIUM PTAC 1400 \\u00e0 2600 kg - REMORQU&amp;CO\",\"isPartOf\":{\"@id\":\"https:\/\/remorqueco.fr\/#website\"},\"primaryImageOfPage\":{\"@id\":\"https:\/\/remorqueco.fr\/index.php\/produit\/touring-country-2-places-tout-aluminium-ptac-1100-a-2000-kg\/#primaryimage\"},\"datePublished\":\"2020-12-14T17:15:11+00:00\",\"dateModified\":\"2026-04-14T07:30:32+00:00\",\"breadcrumb\":{\"@id\":\"https:\/\/remorqueco.fr\/index.php\/produit\/touring-country-2-places-tout-aluminium-ptac-1100-a-2000-kg\/#breadcrumb\"},\"inLanguage\":\"fr-FR\",\"potentialAction\":[{\"@type\":\"ReadAction\",\"target\":[\"https:\/\/remorqueco.fr\/index.php\/produit\/touring-country-2-places-tout-aluminium-ptac-1100-a-2000-kg\/\"]}]},{\"@type\":\"BreadcrumbList\",\"@id\":\"https:\/\/remorqueco.fr\/index.php\/produit\/touring-country-2-places-tout-aluminium-ptac-1100-a-2000-kg\/#breadcrumb\",\"itemListElement\":[{\"@type\":\"ListItem\",\"position\":1,\"item\":{\"@type\":\"WebPage\",\"@id\":\"https:\/\/remorqueco.fr\/\",\"url\":\"https:\/\/remorqueco.fr\/\",\"name\":\"Accueil\"}},{\"@type\":\"ListItem\",\"position\":2,\"item\":{\"@type\":\"WebPage\",\"@id\":\"https:\/\/remorqueco.fr\/index.php\/shop\/\",\"url\":\"https:\/\/remorqueco.fr\/index.php\/shop\/\",\"name\":\"Produits\"}},{\"@type\":\"ListItem\",\"position\":3,\"item\":{\"@id\":\"https:\/\/remorqueco.fr\/index.php\/produit\/touring-country-2-places-tout-aluminium-ptac-1100-a-2000-kg\/#webpage\"}}]}]}<\/script>\n<!-- \/ Yoast SEO plugin. -->","_links":{"self":[{"href":"https:\/\/remorqueco.fr\/index.php\/wp-json\/wp\/v2\/product\/1517"}],"collection":[{"href":"https:\/\/remorqueco.fr\/index.php\/wp-json\/wp\/v2\/product"}],"about":[{"href":"https:\/\/remorqueco.fr\/index.php\/wp-json\/wp\/v2\/types\/product"}],"wp:featuredmedia":[{"embeddable":true,"href":"https:\/\/remorqueco.fr\/index.php\/wp-json\/wp\/v2\/media\/1518"}],"wp:attachment":[{"href":"https:\/\/remorqueco.fr\/index.php\/wp-json\/wp\/v2\/media?parent=1517"}],"curies":[{"name":"wp","href":"https:\/\/api.w.org\/{rel}","templated":true}]}}